*w + z*w = -25. What is the greatest common factor of w and t?
1
Let x be 0*(4/(-26) - (-133)/273). Suppose 0 = 4*y + r + 3, x = -y + 3*r - 4. Let q be 25 - (y - (4 + -8)). What is the highest common factor of q and 66?
22
Suppose -133*g = -88*g - 63*g + 222102. Calculate the highest common divisor of g and 54.
27
Let n(z) = 3*z**2 - 7*z + 18. Suppose 2*q + 4*s + 4 = 30, 5*q - 20 = -s. Let i be n(q). Calculate the highest common factor of i and 36.
12
Suppose 0 = 9*o - 357 + 1113. Let a(k) = k**3 - 8*k**2 + 2*k + 3. Let p be a(5). Let c = p - o. Calculate the highest common factor of 66 and c.
22
Suppose -8*d + 10 = 2*j, -2*j - 330 = -308. Let z = -36 + 62. Calculate the greatest common factor of d and z.
2
Let h be (1 + 3)*6/2. Suppose 0 = -3*x + 206 + 640. Let s = -174 + x. Calculate the greatest common divisor of h and s.
12
Let o(s) = s**3 + 11*s**2 - 14*s + 21. Let k = -261 + 250. Let l be o(k). What is the greatest common factor of 200 and l?
25
Let n(h) = h**3 + 12*h**2 - 11*h + 1. Let q be n(-12). Let k = 1825 + -1811. Calculate the greatest common factor of q and k.
7
Suppose 18*o - 7*o = 109428. Let t be 2/(-8 - o/(-1242)). What is the highest common factor of t and 9?
9
Suppose -4*l = g - 7, 3*g = -4*l - g + 4. Suppose -51 + 11 = -l*v. Let t(c) = -5*c - 26. Let f be t(-6). What is the highest common divisor of v and f?
4
Let c be 2/((8/3)/4). Suppose -c*u - 20 = 100. Let p = u + 43. What is the greatest common divisor of p and 24?
3
Suppose 0 = 4*s - 4*n - 1168, -3*s = -2*n - 551 - 328. Let c = s - 249. What is the greatest common divisor of c and 69?
23
Let z(i) = i**3 - 5*i**2 - 5*i - 9. Let o be z(6). Let l be 1/o - 6/(-36)*2. Suppose l = -3*s - 2*s + 15. What is the greatest common divisor of s and 4?
1
Suppose -f = -2*f + 44. Let o(m) = 2*m**3 - 307*m**2 - 2078*m - 304. Let y be o(160). Calculate the greatest common divisor of y and f.
4
Suppose -5550 = -45*b + 1470. What is the greatest common divisor of 364 and b?
52
Let s(f) = 2*f**2. Let a(z) = -z**3 + 9*z**2 - 3*z - 7. Let v(q) = -a(q) + 2*s(q). Let i be v(4). Calculate the highest common divisor of i and 57.
3
Let r be (-32)/(-2*(4 - 3)). Let d = 14 - r. Let y be ((-15)/20 - d/8)*-136. Calculate the highest common factor of y and 17.
17
Let f(n) = -49*n - 145. Let l be f(-3). Suppose -28 = -5*u - 2*a, u + 2*a = 3*u - 14. Suppose -7*c = -5*c - u. Calculate the greatest common factor of c and l.
1
Let a(u) = -61*u - 977. Let y be a(-17). Calculate the highest common divisor of 10536 and y.
12
Suppose -2*s + 0 = -184. Let k = 26180 - 26111. Calculate the greatest common factor of s and k.
23
Let w = -10459 + 13775. Calculate the highest common factor of w and 4.
4
Suppose -1584 + 88 = -17*b. Calculate the greatest common divisor of b and 1034.
22
Suppose -3*c = 2*j - 72101, -324*j + 320*j - 2*c = -144222. Calculate the greatest common factor of j and 596.
298
Suppose -23*b + 24*b = 5*m - 7525, -3*b = -15. What is the greatest common divisor of m and 48?
6
Let t = -101 - -185. Let b(n) = -n**2 - 18*n - 60. Let u be b(-12). What is the greatest common factor of t and u?
12
Suppose 4*u + 54 = 2*s, 4*u + 30 = u - 2*s. Let g(p) = -2*p - 10. Let l be g(u). Let z be 500/l - (-20)/70. What is the highest common factor of 360 and z?
36
Let w(a) = 9*a**2 - 1. Let m be w(2). Suppose 2*f - 8 = 0, -o - 4*f = -37 - 19. Let g = 54 - o. What is the greatest common factor of g and m?
7
Let r(x) = -40*x - 382. Let z be r(-15). Suppose -z*g = -231*g + 832. Let m = 0 + 4. Calculate the highest common divisor of g and m.
4
Let l = 70544 - 70538. Let s be (-3 - -7)*2/(-4). Let n be s/8 - (-41)/4. What is the greatest common divisor of n and l?
2
Let i be 1571 - (5 - 19/((-76)/(-16))). Calculate the highest common divisor of i and 15.
5
Let o be 179 + -21*(-42)/441. What is the highest common divisor of o and 5?
1
Suppose 274 - 5526 = -26*h. Let s = 17 + -12. Suppose -s*d = -2*q + h, -2*q - d + 190 = -3*d. What is the greatest common factor of q and 7?
7
Suppose -25 - 144 = -q. Let w = -345 - -405. Suppose -4*r = 2*x - w, -3*r + 0*x + 43 = x. Calculate the highest common factor of q and r.
13
Let t(m) = -15*m + 15*m**2 - m**2 - 3*m**2 - 9 + m**3. Let j = -3 - 9. Let d be t(j). What is the highest common divisor of d and 3?
3
Let u be 117630/210 + 8/28*-4. Calculate the highest common divisor of u and 946.
43
Let v = -15949 + 16453. Let i be (-1)/6 + (-2359)/(-42). Calculate the greatest common factor of v and i.
56
Suppose -5*c + 35 = 15. Suppose 2*m - 422 = -5*x - 0*m, 70 = x + c*m. What is the highest common divisor of 129 and x?
43
Suppose 0 = -3*a + 5 + 70. Let f = 28443 + -28318. Calculate the highest common divisor of f and a.
25
Let c be ((-87)/4)/(225/80 - 3). Let f = 155 - c. Suppose 3*l - 9*l = -156. What is the highest common factor of l and f?
13
Suppose 0 = 3*m + 24, -2*m - 4624 = -4*a + a. Calculate the highest common divisor of 102 and a.
6
Suppose -141*k + 286045 = 164137 - 899214. What is the greatest common divisor of 102 and k?
102
Suppose -5*b - 40 = 0, 3*v - 4*b - 105 + 19 = 0. What is the greatest common factor of v and 37494?
18
Suppose 3*t + 2*l = 4*l + 43, -21 = -t + 4*l. Suppose -t*a + 235 - 53 = 0. Calculate the highest common divisor of a and 16.
2
Let j(q) = -50*q**3 - 3*q**2 + 47*q + 300. Let w be j(-6). What is the highest common factor of w and 504?
126
Let t be (-15147)/(-2970) - (-18)/20. Let v = -1 - -2. Let o = 2 + v. Calculate the highest common divisor of t and o.
3
Suppose -4*r + 173 = 5*n, -31*n + 58 = -29*n - 4*r. Calculate the greatest common divisor of 88 and n.
11
Let i(q) = -8*q**2 - q - 2*q**2 - 3*q**3 + 5 + 2*q**3. Let l be i(-10). Let b = 1460 - 1355. Calculate the highest common divisor of l and b.
15
Suppose 124 = 6*z + 16. Suppose 0 = 11*u - 14*u + z. Calculate the greatest common factor of u and 132.
6
Let j = -24769 - -24937. What is the greatest common factor of 22792 and j?
56
Suppose -975 = 18*w - 33*w. Let n(i) = i + 18. Suppose 0 = 2*c - v - 11, 2*c - 6*c - v = -37. Let p be n(c). What is the highest common divisor of w and p?
13
Let k(d) = -d**3 + 35*d**2 - 63*d - 68. Let x be k(33). Suppose -7488 = 18*q - x*q. Calculate the highest common factor of 64 and q.
64
Suppose 549*t - 553*t + 848 = -2*u, -10 = -5*u. What is the highest common factor of 568 and t?
71
Let c(y) = 69*y**2 - 28*y - 9. Let n be c(9). What is the highest common factor of n and 111?
111
Let n = 590 - 341. Let d = -217 + n. Suppose -q + 1 = -g, -g = -6*g - 4*q + 40. Calculate the greatest common factor of g and d.
4
Suppose -632 = -3*s + 97. Suppose -89*a + 1391 + 52069 = 76*a. What is the highest common factor of s and a?
81
Suppose 6*m - 3955 = -5*i, -2*i + i = 5*m - 3299. What is the greatest common factor of m and 924?
132
Let o be 1 - 3 - (3 - 1). Let k be (6/o*(-132)/9)/(-1). Let w = 57 + k. Calculate the highest common factor of 7 and w.
7
Let z = 434 + -609. Let f = z - -205. Calculate the highest common divisor of 2 and f.
2
Suppose -52*t - 419 = -55*t - 4*p, -3*t - 2*p + 415 = 0. What is the highest common factor of 274 and t?
137
Suppose -4995 = -583*k + 246*k + 3093. Let s = 3 + -4. Let z be (s - 2)*24/(-9). Calculate the greatest common divisor of k and z.
8
Let q be 6 + 56/(-9) + (-1462)/(-18). Suppose 15*z + 2 = 47. What is the greatest common factor of q and z?
3
Suppose -11760 + 1376 = -106*m - 208. Let x be -1 - (-14)/(1 + 1). What is the highest common divisor of m and x?
6
Suppose 0 = 7*i - 9*r + 14*r - 11, -3*i + 11 = -r. Let j(n) = n**3 - 2*n**2 - 5*n - 2. Let s be j(5). What is the highest common factor of i and s?
3
Let m(z) = 3*z + 426. Suppose -56 = p + f, -144 - 24 = 3*p + 4*f. Let q be m(p). What is the highest common divisor of 6 and q?
6
Let d = -19036 + 25749. What is the greatest common factor of d and 14?
7
Let d = -14 + 38. Suppose 0 = -d*r + 402 - 18. What is the highest common factor of 16 and r?
16
Let q be 1 - (-108)/63 - 2/(-7). Let d(b) = -b**3 + 8*b**2 - 10*b + 1. Let l be d(q). Suppose g = 5*g - 192. What is the highest common divisor of g and l?
16
Suppose 23 + 21 = 4*a - 2*f, -3*a + f + 31 = 0. Suppose -a*k + 45 = -45. What is the highest common divisor of 200 and k?
10
Suppose 51*l = 19*l - 57*l + 3738. What is the greates